by 45?
35
Let n = 12 + -9. Let z be n + 108/3*2. Let l = z - 24. What is the remainder when l is divided by 13?
12
Suppose 3*k = j + 66, 47*j = 43*j - 24. Let q(a) = 3*a**2 + 8*a - 4. What is the remainder when q(-6) is divided by k?
16
Suppose 0 = p - 3*m + 8*m - 24, 2*p = -m + 30. Calculate the remainder when 148 is divided by p.
8
Let f = -76 + 250. Calculate the remainder when f is divided by 89.
85
Let m = 52 - 31. Suppose -7*p + 213 = -10*p. Let n = -11 - p. What is the remainder when n is divided by m?
18
Suppose 3*o - 6 - 38 = -2*b, 3*o = 2*b + 64. Let d be (-2)/(-6) - (-440)/30. What is the remainder when 30 is divided by (-20)/(-3)*o/d?
6
Suppose -5*x + 4*x + 5 = 0. Let s = 22 + x. Calculate the remainder when 55 is divided by (-3)/s*-3*42.
13
Let o(l) = -2*l**3 + 48*l**2 - 119*l + 28. What is the remainder when o(21) is divided by 77?
21
Let j(r) = -6*r - 12. Let x be ((-44)/(-16))/((-4)/16). What is the remainder when j(x) is divided by 14?
12
Let u = 117 - 117. Let h = -22 - -51. Suppose 5*i + u*l - h = -l, -2*l = -i + 8. What is the remainder when 8 is divided by i?
2
Let h = 3328 + -1915. Calculate the remainder when h is divided by 109.
105
Suppose 2*t + 3*c - 24 = 0, 0 = -0*t + 5*t + 3*c - 60. Let q(s) = -s**3 + 12*s**2 - 19*s - 18. Calculate the remainder when q(9) is divided by t.
6
Let b(h) = 2*h + 7. Let i(d) = 7*d + 5. Let y be i(6). Suppose -2*g + y = 2*a + 3, -60 = -3*g - 5*a. Calculate the remainder when g is divided by b(3).
12
What is the remainder when -4*14/16*-10 is divided by 8?
3
Let b(i) be the third derivative of -i**4/4 + 4*i**3/3 - 2*i**2. What is the remainder when b(-11) is divided by 25?
24
Let v(o) = o**2 + o + 1. Let t be v(-2). Suppose 0 = -t*u + 9 + 3. What is the remainder when 7 is divided by u?
3
Suppose -80 - 5926 = -13*m. What is the remainder when m is divided by 93?
90
Let o(l) = -50*l - 2. Let z = -15 - -14. What is the remainder when o(z) is divided by 17?
14
Let a = -36 - -40. Suppose 3*n - 23 = a*v - 8, -5*n = -5*v - 30. Calculate the remainder when 22 is divided by n.
4
Suppose 7*c + 835 = 2249. What is the remainder when c is divided by (-153)/(-3) + (-3 - (-6)/2)?
49
Suppose -419 = -10*r + 501. Calculate the remainder when r is divided by 19.
16
Suppose 2 = -u, 2*u - 51 = 5*f - 6*f. Suppose -64*h = -75*h + 187. What is the remainder when f is divided by h?
4
What is the remainder when (-2)/(24/(-783))*88/66 is divided by 43/3 - (-4)/6?
12
Suppose 0 = -0*o - 3*o - h + 10, 0 = -o + 3*h + 20. Let n(x) = 4*x - x**3 + 3*x - o*x**2 - 3 - 6*x. What is the remainder when n(-6) is divided by 7?
6
Suppose -63 = -4*o - 11. Calculate the remainder when 234 is divided by o.
0
What is the remainder when 28 is divided by 32/(-2)*(9 - (-40)/(-4))?
12
Suppose -30*s = -32*s + 2*f + 78, -73 = -2*s - 3*f. What is the remainder when 795 is divided by s?
35
Suppose 59 + 26 = 5*b. Suppose -5*r + 3*k - 216 = 0, -2*r - 2*r - 186 = 2*k. Let s = 55 + r. Calculate the remainder when b is divided by s.
7
Suppose -3*v + 125 = 5*b + 2*v, -2*b = -5*v - 57. Calculate the remainder when 88 is divided by b.
10
Let u = 227 - 171. Calculate the remainder when 221 is divided by u.
53
Let d(q) be the second derivative of -3*q**5/20 - q**3/6 + 4*q. Suppose 0*c = -2*c - 2. What is the remainder when 11 is divided by d(c)?
3
Suppose 0 = 50*o - 46*o - 24. Suppose -81 = -6*c + 57. Calculate the remainder when c is divided by o.
5
Let k(q) = q**2 - 11*q + 11. Let y be k(10). Let j be 1/((-4)/44*y). Calculate the remainder when 3 is divided by 2/8 + j/(-4).
0
Suppose -7 = -3*k + 71. Let g = k - 20. What is the remainder when 19 is divided by g?
1
Let q(i) = i**3 + 20*i**2 + 29*i - 16. What is the remainder when q(-18) is divided by 20?
10
Suppose -h + 29 = 2*h - 4*r, 0 = 5*h + 3*r - 87. Calculate the remainder when 163 is divided by h.
13
Suppose 5*x - 173 = -18. What is the remainder when x is divided by 26 - (-611)/(-65) - 4/(-10)?
14
Suppose 5*i = 64 + 126. Let d(z) = z**3 - 11*z**2 + 12*z - 10. Let q be d(10). What is the remainder when i is divided by (-6)/10 + 136/q?
12
Let p be (5 + 60)*((-24)/10)/3. Let f be -16 - 4/(-2) - -2. Calculate the remainder when p/(-6)*f/(-8) is divided by 8.
5
Suppose 2*b = 4*w + 1 - 27, 2*w + 5*b + 5 = 0. Suppose -w*s + 2*m = -s - 74, 0 = -s + m + 20. What is the remainder when 66 is divided by s?
15
Let p(j) be the third derivative of 0 + 0*j - 1/24*j**4 - 2*j**2 + 1/6*j**3 + 1/60*j**5 - 1/24*j**6. Calculate the remainder when p(-2) is divided by 12.
11
Let h = 491 - 436. What is the remainder when 150 is divided by h?
40
Suppose 0 = -2*v + 2*p + 12, 5*v + 4*p - 46 = p. Suppose -73*k + 1585 = 3*k - 87. What is the remainder when k is divided by v?
6
Suppose 2*w = 3*c - 45, 0 = 3*c + 2*c - 3*w - 75. What is the remainder when 202 is divided by c?
7
Suppose -16*s - 19*s = -630. What is the remainder when 196 is divided by s?
16
Suppose 410*y - 414*y + 68 = 0. Calculate the remainder when 555 is divided by y.
11
Let a = -762 - -798. What is the remainder when 57 is divided by a?
21
Let d = -50 + 88. Let i = 161 + -105. Suppose -9 = -5*h + i. Calculate the remainder when d is divided by h.
12
Let t = 50 + -31. Suppose -5*x + f + 3 - 4 = 0, -3 = -3*f. Let s = x + t. What is the remainder when s is divided by 11?
8
Let u(w) = -w**3 + 24*w**2 + 247*w + 8. Calculate the remainder when u(-8) is divided by 45.
35
Let i(c) = c + 10. Let y = -89 - -164. Calculate the remainder when y is divided by i(10).
15
Let l(p) = -37*p + 2. Let s be l(-2). Suppose -5*r + s = -4. Let c = -5 + r. Calculate the remainder when 32 is divided by c.
10
Let b(a) = 8*a**2 - 4*a - 14. Let t be b(-6). Suppose 4*h - 566 = -t. What is the remainder when h is divided by 12?
7
Suppose 2*d + 48 = d. Let y = -14 - d. What is the remainder when y is divided by 9?
7
Let b = 92 + -45. Suppose 641 = 9*q + b. Calculate the remainder when q is divided by 34.
32
Suppose 3*g + 3*b - 36 = 0, 4*b - 69 = -5*g + 8*b. What is the remainder when 204 is divided by g?
9
Suppose 0 = -32*y + 641 - 1. What is the remainder when 89 is divided by y?
9
Let b = 387 - 281. Calculate the remainder when b is divided by 9.
7
Let r(n) = -n - 18. Let m be r(-22). What is the remainder when 2/m - (-1158)/12 is divided by 33?
31
Suppose -2 = -2*b, -6*z + 5*z - 2*b = -104. Calculate the remainder when 297 is divided by z.
93
Suppose 0 = 3*d + 3*j - 61 - 104, d + 2*j = 53. Let g = d - 49. What is the remainder when 28 is divided by g?
4
Let r = 22 + -17. Suppose -3*d + 5*d + 54 = r*b, d + 22 = 2*b. Let m = -61 - -90. Calculate the remainder when m is divided by b.
9
What is the remainder when 88 is divided by (-18)/(13/((-104)/3))?
40
Let d be 10/(3 - (-28)/(-8)). Let c = -17 - d. Suppose -80 = -5*a + c*a. Calculate the remainder when a is divided by 7.
5
Suppose 171 = 2*w + w. Let y = -48 + w. Calculate the remainder when y is divided by 4.
1
Suppose 40 = 3*j + 13. Let i(d) = -d**2 + 0*d**2 + 12 + 4*d - 1 + 6*d. What is the remainder when 37 is divided by i(j)?
17
Let s be (-20)/6*15/(-10). Suppose -6*x = -s*x - 30. What is the remainder when 57 is divided by x?
27
Suppose 0 = -4*l + b + 39, 4*b + 5 + 1 = l. Suppose -l = -4*f + 2. Calculate the remainder when 38 is divided by (f - (-76)/(-8))*-2.
12
Let l be 52/20 - 3*1/5. Suppose 31 = -4*n + l*w + 125, -3*w = -5*n + 118. What is the remainder when 88 is divided by n?
19
Let q(f) = f**3 + 9*f**2 + 5*f - 7. What is the remainder when q(-6) is divided by 1 + 11/1 + 0?
11
Suppose -2*c + 82 = 4*r, -2*c = r - 58 - 15. What is the remainder when 102 is divided by c?
32
Let v = -32 - -34. Suppose -2*k + 307 = 5*d, 0*k + 125 = v*d + 3*k. Calculate the remainder when 182 is divided by d.
60
Let c be ((-6)/(-5))/(12/280). Let x = c - 20. Let w(v) = -v + 7. What is the remainder when w(-6) is divided by x?
5
Let y(w) = -w**3 - 4*w**2 + 6*w + 5. Let m be y(-5). Let c(x) = -x**2 + 0*x**2 - 4 + 4*x + 5*x**2 + m*x. What is the remainder when c(3) is divided by 12?
8
Let u = 423 - 383. What is the remainder when 68 is divided by u?
28
Suppose -163 - 53 = -12*y. Calculate the remainder when 57 is divided by y.
3
Suppose 2*s + 396 = 6*s. Let d = s - 55. Suppose f + 5*a = d, f + 0*f + 4*a - 42 = 0. Calculate the remainder when 167